{"id":94,"date":"2021-08-16T10:07:01","date_gmt":"2021-08-16T10:07:01","guid":{"rendered":"https:\/\/sportlife-lohfelden.com\/?page_id=94"},"modified":"2022-01-19T05:57:48","modified_gmt":"2022-01-19T05:57:48","slug":"behandlung-mandibulaerer-dysfunktionen-kieferbehandlung","status":"publish","type":"page","link":"https:\/\/sportlife-lohfelden.com\/?page_id=94","title":{"rendered":"Behandlung mandibul\u00e4rer Dysfunktionen (Kieferbehandlung)"},"content":{"rendered":"<p><span style=\"font-family: tahoma, arial, helvetica, sans-serif;\">In der heutigen schnelllebigen Zeit haben immer mehr Menschen mit<\/span><br \/>\n<span style=\"font-family: tahoma, arial, helvetica, sans-serif;\">seelischem Stress zu k\u00e4mpfen, den sie in der Regel \u00fcber Nacht verarbeiten.<\/span><br \/>\n<span style=\"font-family: tahoma, arial, helvetica, sans-serif;\">Die Leute beginnen nachts mit dem &#8222;Z\u00e4hneknirschen&#8220; und wachen morgens<\/span><br \/>\n<span style=\"font-family: tahoma, arial, helvetica, sans-serif;\">mit starken Kopfschmerzen und\/oder Kieferschmerzen auf. Neben der<\/span><br \/>\n<span style=\"font-family: tahoma, arial, helvetica, sans-serif;\">zahn\u00e4rztlichen Versorgung mit einer &#8222;Bei\u00dfschiene&#8220; und Entspannungs- oder<\/span><br \/>\n<span style=\"font-family: tahoma, arial, helvetica, sans-serif;\">Meditationstechniken empfiehlt sich unser Angebot der Behandlung der<\/span><br \/>\n<span style=\"font-family: tahoma, arial, helvetica, sans-serif;\">mandibul\u00e4ren Dysfunktion. Diese Kieferbehandlung entspannt den Kiefer<\/span><br \/>\n<span style=\"font-family: tahoma, arial, helvetica, sans-serif;\">und lockert die Kiefer- und Nackenmuskeln. Desweiteren zeigen wir Ihnen<\/span><br \/>\n<span style=\"font-family: tahoma, arial, helvetica, sans-serif;\">Techniken um die Kiefermuskeln zu dehnen und zu entspannen.<\/span><\/p>\n","protected":false},"excerpt":{"rendered":"<p>In der heutigen schnelllebigen Zeit haben immer mehr Menschen mit seelischem Stress zu k\u00e4mpfen, den sie in der Regel \u00fcber Nacht verarbeiten. Die Leute beginnen nachts mit dem &#8222;Z\u00e4hneknirschen&#8220; und<\/p>\n<p><a href=\"https:\/\/sportlife-lohfelden.com\/?page_id=94\" class=\"more-link\">Continue Reading<span class=\"screen-reader-text\">Behandlung mandibul\u00e4rer Dysfunktionen (Kieferbehandlung)<\/span><\/a><\/p>\n","protected":false},"author":1,"featured_media":0,"parent":0,"menu_order":0,"comment_status":"closed","ping_status":"closed","template":"","meta":{"footnotes":""},"class_list":["post-94","page","type-page","status-publish","hentry"],"yoast_head":"<!-- This site is optimized with the Yoast SEO plugin v25.0 - https:\/\/yoast.com\/wordpress\/plugins\/seo\/ -->\n<title>Behandlung mandibul\u00e4rer Dysfunktionen (Kieferbehandlung) - Physiotherapie Lohfelden<\/title>\n<meta name=\"robots\" content=\"index, follow, max-snippet:-1, max-image-preview:large, max-video-preview:-1\" \/>\n<link rel=\"canonical\" href=\"https:\/\/sportlife-lohfelden.com\/?page_id=94\" \/>\n<meta property=\"og:locale\" content=\"de_DE\" \/>\n<meta property=\"og:type\" content=\"article\" \/>\n<meta property=\"og:title\" content=\"Behandlung mandibul\u00e4rer Dysfunktionen (Kieferbehandlung) - Physiotherapie Lohfelden\" \/>\n<meta property=\"og:description\" content=\"In der heutigen schnelllebigen Zeit haben immer mehr Menschen mit seelischem Stress zu k\u00e4mpfen, den sie in der Regel \u00fcber Nacht verarbeiten. Die Leute beginnen nachts mit dem &#8222;Z\u00e4hneknirschen&#8220; undContinue ReadingBehandlung mandibul\u00e4rer Dysfunktionen (Kieferbehandlung)\" \/>\n<meta property=\"og:url\" content=\"https:\/\/sportlife-lohfelden.com\/?page_id=94\" \/>\n<meta property=\"og:site_name\" content=\"Physiotherapie Lohfelden\" \/>\n<meta property=\"article:publisher\" content=\"https:\/\/www.facebook.com\/profile.php?id=100057308717295\" \/>\n<meta property=\"article:modified_time\" content=\"2022-01-19T05:57:48+00:00\" \/>\n<meta property=\"og:image\" content=\"https:\/\/sportlife-lohfelden.com\/wp-content\/uploads\/2020\/08\/cropped-logo.jpg\" \/>\n\t<meta property=\"og:image:width\" content=\"512\" \/>\n\t<meta property=\"og:image:height\" content=\"512\" \/>\n\t<meta property=\"og:image:type\" content=\"image\/jpeg\" \/>\n<meta name=\"twitter:card\" content=\"summary_large_image\" \/>\n<script type=\"application\/ld+json\" class=\"yoast-schema-graph\">{\"@context\":\"https:\/\/schema.org\",\"@graph\":[{\"@type\":\"WebPage\",\"@id\":\"https:\/\/sportlife-lohfelden.com\/?page_id=94\",\"url\":\"https:\/\/sportlife-lohfelden.com\/?page_id=94\",\"name\":\"Behandlung mandibul\u00e4rer Dysfunktionen (Kieferbehandlung) - Physiotherapie Lohfelden\",\"isPartOf\":{\"@id\":\"https:\/\/sportlife-lohfelden.com\/#website\"},\"datePublished\":\"2021-08-16T10:07:01+00:00\",\"dateModified\":\"2022-01-19T05:57:48+00:00\",\"breadcrumb\":{\"@id\":\"https:\/\/sportlife-lohfelden.com\/?page_id=94#breadcrumb\"},\"inLanguage\":\"de\",\"potentialAction\":[{\"@type\":\"ReadAction\",\"target\":[\"https:\/\/sportlife-lohfelden.com\/?page_id=94\"]}]},{\"@type\":\"BreadcrumbList\",\"@id\":\"https:\/\/sportlife-lohfelden.com\/?page_id=94#breadcrumb\",\"itemListElement\":[{\"@type\":\"ListItem\",\"position\":1,\"name\":\"Startseite\",\"item\":\"https:\/\/sportlife-lohfelden.com\/\"},{\"@type\":\"ListItem\",\"position\":2,\"name\":\"Behandlung mandibul\u00e4rer Dysfunktionen (Kieferbehandlung)\"}]},{\"@type\":\"WebSite\",\"@id\":\"https:\/\/sportlife-lohfelden.com\/#website\",\"url\":\"https:\/\/sportlife-lohfelden.com\/\",\"name\":\"Physiotherapie Lohfelden\",\"description\":\"\",\"potentialAction\":[{\"@type\":\"SearchAction\",\"target\":{\"@type\":\"EntryPoint\",\"urlTemplate\":\"https:\/\/sportlife-lohfelden.com\/?s={search_term_string}\"},\"query-input\":{\"@type\":\"PropertyValueSpecification\",\"valueRequired\":true,\"valueName\":\"search_term_string\"}}],\"inLanguage\":\"de\"}]}<\/script>\n<!-- \/ Yoast SEO plugin. -->","yoast_head_json":{"title":"Behandlung mandibul\u00e4rer Dysfunktionen (Kieferbehandlung) - Physiotherapie Lohfelden","robots":{"index":"index","follow":"follow","max-snippet":"max-snippet:-1","max-image-preview":"max-image-preview:large","max-video-preview":"max-video-preview:-1"},"canonical":"https:\/\/sportlife-lohfelden.com\/?page_id=94","og_locale":"de_DE","og_type":"article","og_title":"Behandlung mandibul\u00e4rer Dysfunktionen (Kieferbehandlung) - Physiotherapie Lohfelden","og_description":"In der heutigen schnelllebigen Zeit haben immer mehr Menschen mit seelischem Stress zu k\u00e4mpfen, den sie in der Regel \u00fcber Nacht verarbeiten. Die Leute beginnen nachts mit dem &#8222;Z\u00e4hneknirschen&#8220; undContinue ReadingBehandlung mandibul\u00e4rer Dysfunktionen (Kieferbehandlung)","og_url":"https:\/\/sportlife-lohfelden.com\/?page_id=94","og_site_name":"Physiotherapie Lohfelden","article_publisher":"https:\/\/www.facebook.com\/profile.php?id=100057308717295","article_modified_time":"2022-01-19T05:57:48+00:00","og_image":[{"width":512,"height":512,"url":"https:\/\/sportlife-lohfelden.com\/wp-content\/uploads\/2020\/08\/cropped-logo.jpg","type":"image\/jpeg"}],"twitter_card":"summary_large_image","schema":{"@context":"https:\/\/schema.org","@graph":[{"@type":"WebPage","@id":"https:\/\/sportlife-lohfelden.com\/?page_id=94","url":"https:\/\/sportlife-lohfelden.com\/?page_id=94","name":"Behandlung mandibul\u00e4rer Dysfunktionen (Kieferbehandlung) - Physiotherapie Lohfelden","isPartOf":{"@id":"https:\/\/sportlife-lohfelden.com\/#website"},"datePublished":"2021-08-16T10:07:01+00:00","dateModified":"2022-01-19T05:57:48+00:00","breadcrumb":{"@id":"https:\/\/sportlife-lohfelden.com\/?page_id=94#breadcrumb"},"inLanguage":"de","potentialAction":[{"@type":"ReadAction","target":["https:\/\/sportlife-lohfelden.com\/?page_id=94"]}]},{"@type":"BreadcrumbList","@id":"https:\/\/sportlife-lohfelden.com\/?page_id=94#breadcrumb","itemListElement":[{"@type":"ListItem","position":1,"name":"Startseite","item":"https:\/\/sportlife-lohfelden.com\/"},{"@type":"ListItem","position":2,"name":"Behandlung mandibul\u00e4rer Dysfunktionen (Kieferbehandlung)"}]},{"@type":"WebSite","@id":"https:\/\/sportlife-lohfelden.com\/#website","url":"https:\/\/sportlife-lohfelden.com\/","name":"Physiotherapie Lohfelden","description":"","potentialAction":[{"@type":"SearchAction","target":{"@type":"EntryPoint","urlTemplate":"https:\/\/sportlife-lohfelden.com\/?s={search_term_string}"},"query-input":{"@type":"PropertyValueSpecification","valueRequired":true,"valueName":"search_term_string"}}],"inLanguage":"de"}]}},"_links":{"self":[{"href":"https:\/\/sportlife-lohfelden.com\/index.php?rest_route=\/wp\/v2\/pages\/94","targetHints":{"allow":["GET"]}}],"collection":[{"href":"https:\/\/sportlife-lohfelden.com\/index.php?rest_route=\/wp\/v2\/pages"}],"about":[{"href":"https:\/\/sportlife-lohfelden.com\/index.php?rest_route=\/wp\/v2\/types\/page"}],"author":[{"embeddable":true,"href":"https:\/\/sportlife-lohfelden.com\/index.php?rest_route=\/wp\/v2\/users\/1"}],"replies":[{"embeddable":true,"href":"https:\/\/sportlife-lohfelden.com\/index.php?rest_route=%2Fwp%2Fv2%2Fcomments&post=94"}],"version-history":[{"count":2,"href":"https:\/\/sportlife-lohfelden.com\/index.php?rest_route=\/wp\/v2\/pages\/94\/revisions"}],"predecessor-version":[{"id":388,"href":"https:\/\/sportlife-lohfelden.com\/index.php?rest_route=\/wp\/v2\/pages\/94\/revisions\/388"}],"wp:attachment":[{"href":"https:\/\/sportlife-lohfelden.com\/index.php?rest_route=%2Fwp%2Fv2%2Fmedia&parent=94"}],"curies":[{"name":"wp","href":"https:\/\/api.w.org\/{rel}","templated":true}]}}