{"id":73,"date":"2021-08-16T10:08:48","date_gmt":"2021-08-16T10:08:48","guid":{"rendered":"https:\/\/sportlife-lohfelden.com\/?page_id=73"},"modified":"2022-01-19T18:07:21","modified_gmt":"2022-01-19T18:07:21","slug":"manuelle-therapie","status":"publish","type":"page","link":"https:\/\/sportlife-lohfelden.com\/?page_id=73","title":{"rendered":"Manuelle Therapie"},"content":{"rendered":"<p><span style=\"font-family: tahoma, arial, helvetica, sans-serif; font-size: 14pt;\"><strong>Manuelle Therapie<\/strong><\/span><\/p>\n<p><span style=\"font-family: tahoma, arial, helvetica, sans-serif; font-size: 12pt;\">Die Manuelle Therapie ist ein Behandlungsansatz, bei dem Funkst\u00f6rungen des Bewegungsapparates untersucht und behandelt werden. Unsere Physiotherapie baut auf diesem Konzept auf. Es is uns wichtig, den Patienten als Ganzes zu betrachten, Wir versuchen herauszufinden, wo die Ursache deiner Beschwerden liegt und nicht nur stupide die Symptome zu behandeln. Durch viele Jahre der Fortbildungen, unter anderem in der visceralen Osteopathie (innere Organe), Sportosteopathie (Ostheopatische Befundung von Sportlern), Sportphysiotherapie (Diagnose, Behandlung und Betreuung von Sportlern), mandibul\u00e4re Dysfunktionen (Kiefergelenkbehandlungen) und zum Ern\u00e4hrungsberater, f\u00fchlen wir uns gut ger\u00fcstet, um dein Problem zu l\u00f6sen.<\/span><\/p>\n<p><span style=\"font-family: tahoma, arial, helvetica, sans-serif; font-size: 12pt;\">Bei komplexeren Problematiken empfiehlt es sich bei der Erstuntersuchung eine Doppelbehandlung zu nehmen, damit der Behandler mehr Zeit hat, um die Anamnese aufzunehmen und um Inspektion und Diagnostik durchzuf\u00fchren.<\/span><\/p>\n<div id=\"metaslider-id-391\" style=\"width: 100%; margin: 0 auto;\" class=\"ml-slider-3-98-0 metaslider metaslider-flex metaslider-391 ml-slider ml-slider-lightbox-1-13-4 firelight-lightbox-2-3-15 ms-theme-default\" role=\"region\" aria-roledescription=\"Slideshow\" aria-label=\"Manuelle Therapie\" data-width=\"1200\">\n    <div id=\"metaslider_container_391\">\n        <div id=\"metaslider_391\" class=\"flexslider\">\n            <ul class='slides'>\n                <li style=\"display: block; width: 100%;\" class=\"slide-392 ms-image \" aria-roledescription=\"slide\" aria-label=\"slide-392\" data-date=\"2022-01-19 17:13:49\"><a href=\"https:\/\/sportlife-lohfelden.com\/wp-content\/uploads\/2022\/01\/AE3871CE-B7F3-4FA9-9416-AC678D152DFB-scaled.jpeg\" target=\"_self\" aria-label=\"View Slide Details\" class=\"metaslider_image_link\" rel=\"lightbox[391]\"><img loading=\"lazy\" decoding=\"async\" src=\"https:\/\/sportlife-lohfelden.com\/wp-content\/uploads\/2022\/01\/AE3871CE-B7F3-4FA9-9416-AC678D152DFB-scaled-1200x800.jpeg\" height=\"800\" width=\"1200\" alt=\"\" class=\"slider-391 slide-392\" title=\"AE3871CE-B7F3-4FA9-9416-AC678D152DFB\" \/><\/a><\/li>\n                <li style=\"display: none; width: 100%;\" class=\"slide-393 ms-image \" aria-roledescription=\"slide\" aria-label=\"slide-393\" data-date=\"2022-01-19 17:13:49\"><a href=\"https:\/\/sportlife-lohfelden.com\/wp-content\/uploads\/2021\/12\/DSC_0685-scaled.jpg\" target=\"_self\" aria-label=\"View Slide Details\" class=\"metaslider_image_link\" rel=\"lightbox[391]\"><img loading=\"lazy\" decoding=\"async\" src=\"https:\/\/sportlife-lohfelden.com\/wp-content\/uploads\/2021\/12\/DSC_0685-scaled-1200x800.jpg\" height=\"800\" width=\"1200\" alt=\"\" class=\"slider-391 slide-393\" title=\"DSC_0685\" \/><\/a><\/li>\n            <\/ul>\n        <\/div>\n        \n    <\/div>\n<\/div>\n<p style=\"text-align: center;\"><strong><span style=\"font-family: tahoma, arial, helvetica, sans-serif;\">Zum Vergr\u00f6\u00dfern bitte auf das Bild klicken<\/span><\/strong><\/p>\n","protected":false},"excerpt":{"rendered":"<p>Manuelle Therapie Die Manuelle Therapie ist ein Behandlungsansatz, bei dem Funkst\u00f6rungen des Bewegungsapparates untersucht und behandelt werden. Unsere Physiotherapie baut auf diesem Konzept auf. Es is uns wichtig, den Patienten<\/p>\n<p><a href=\"https:\/\/sportlife-lohfelden.com\/?page_id=73\" class=\"more-link\">Continue Reading<span class=\"screen-reader-text\">Manuelle Therapie<\/span><\/a><\/p>\n","protected":false},"author":1,"featured_media":0,"parent":0,"menu_order":0,"comment_status":"closed","ping_status":"closed","template":"","meta":{"footnotes":""},"class_list":["post-73","page","type-page","status-publish","hentry"],"yoast_head":"<!-- This site is optimized with the Yoast SEO plugin v25.0 - https:\/\/yoast.com\/wordpress\/plugins\/seo\/ -->\n<title>Manuelle Therapie - Physiotherapie Lohfelden<\/title>\n<meta name=\"robots\" content=\"index, follow, max-snippet:-1, max-image-preview:large, max-video-preview:-1\" \/>\n<link rel=\"canonical\" href=\"https:\/\/sportlife-lohfelden.com\/?page_id=73\" \/>\n<meta property=\"og:locale\" content=\"de_DE\" \/>\n<meta property=\"og:type\" content=\"article\" \/>\n<meta property=\"og:title\" content=\"Manuelle Therapie - Physiotherapie Lohfelden\" \/>\n<meta property=\"og:description\" content=\"Manuelle Therapie Die Manuelle Therapie ist ein Behandlungsansatz, bei dem Funkst\u00f6rungen des Bewegungsapparates untersucht und behandelt werden. Unsere Physiotherapie baut auf diesem Konzept auf. Es is uns wichtig, den PatientenContinue ReadingManuelle Therapie\" \/>\n<meta property=\"og:url\" content=\"https:\/\/sportlife-lohfelden.com\/?page_id=73\" \/>\n<meta property=\"og:site_name\" content=\"Physiotherapie Lohfelden\" \/>\n<meta property=\"article:publisher\" content=\"https:\/\/www.facebook.com\/profile.php?id=100057308717295\" \/>\n<meta property=\"article:modified_time\" content=\"2022-01-19T18:07:21+00:00\" \/>\n<meta property=\"og:image\" content=\"https:\/\/sportlife-lohfelden.com\/wp-content\/uploads\/2020\/08\/cropped-logo.jpg\" \/>\n\t<meta property=\"og:image:width\" content=\"512\" \/>\n\t<meta property=\"og:image:height\" content=\"512\" \/>\n\t<meta property=\"og:image:type\" content=\"image\/jpeg\" \/>\n<meta name=\"twitter:card\" content=\"summary_large_image\" \/>\n<meta name=\"twitter:label1\" content=\"Gesch\u00e4tzte Lesezeit\" \/>\n\t<meta name=\"twitter:data1\" content=\"1\u00a0Minute\" \/>\n<script type=\"application\/ld+json\" class=\"yoast-schema-graph\">{\"@context\":\"https:\/\/schema.org\",\"@graph\":[{\"@type\":\"WebPage\",\"@id\":\"https:\/\/sportlife-lohfelden.com\/?page_id=73\",\"url\":\"https:\/\/sportlife-lohfelden.com\/?page_id=73\",\"name\":\"Manuelle Therapie - Physiotherapie Lohfelden\",\"isPartOf\":{\"@id\":\"https:\/\/sportlife-lohfelden.com\/#website\"},\"datePublished\":\"2021-08-16T10:08:48+00:00\",\"dateModified\":\"2022-01-19T18:07:21+00:00\",\"breadcrumb\":{\"@id\":\"https:\/\/sportlife-lohfelden.com\/?page_id=73#breadcrumb\"},\"inLanguage\":\"de\",\"potentialAction\":[{\"@type\":\"ReadAction\",\"target\":[\"https:\/\/sportlife-lohfelden.com\/?page_id=73\"]}]},{\"@type\":\"BreadcrumbList\",\"@id\":\"https:\/\/sportlife-lohfelden.com\/?page_id=73#breadcrumb\",\"itemListElement\":[{\"@type\":\"ListItem\",\"position\":1,\"name\":\"Startseite\",\"item\":\"https:\/\/sportlife-lohfelden.com\/\"},{\"@type\":\"ListItem\",\"position\":2,\"name\":\"Manuelle Therapie\"}]},{\"@type\":\"WebSite\",\"@id\":\"https:\/\/sportlife-lohfelden.com\/#website\",\"url\":\"https:\/\/sportlife-lohfelden.com\/\",\"name\":\"Physiotherapie Lohfelden\",\"description\":\"\",\"potentialAction\":[{\"@type\":\"SearchAction\",\"target\":{\"@type\":\"EntryPoint\",\"urlTemplate\":\"https:\/\/sportlife-lohfelden.com\/?s={search_term_string}\"},\"query-input\":{\"@type\":\"PropertyValueSpecification\",\"valueRequired\":true,\"valueName\":\"search_term_string\"}}],\"inLanguage\":\"de\"}]}<\/script>\n<!-- \/ Yoast SEO plugin. -->","yoast_head_json":{"title":"Manuelle Therapie - Physiotherapie Lohfelden","robots":{"index":"index","follow":"follow","max-snippet":"max-snippet:-1","max-image-preview":"max-image-preview:large","max-video-preview":"max-video-preview:-1"},"canonical":"https:\/\/sportlife-lohfelden.com\/?page_id=73","og_locale":"de_DE","og_type":"article","og_title":"Manuelle Therapie - Physiotherapie Lohfelden","og_description":"Manuelle Therapie Die Manuelle Therapie ist ein Behandlungsansatz, bei dem Funkst\u00f6rungen des Bewegungsapparates untersucht und behandelt werden. Unsere Physiotherapie baut auf diesem Konzept auf. Es is uns wichtig, den PatientenContinue ReadingManuelle Therapie","og_url":"https:\/\/sportlife-lohfelden.com\/?page_id=73","og_site_name":"Physiotherapie Lohfelden","article_publisher":"https:\/\/www.facebook.com\/profile.php?id=100057308717295","article_modified_time":"2022-01-19T18:07:21+00:00","og_image":[{"width":512,"height":512,"url":"https:\/\/sportlife-lohfelden.com\/wp-content\/uploads\/2020\/08\/cropped-logo.jpg","type":"image\/jpeg"}],"twitter_card":"summary_large_image","twitter_misc":{"Gesch\u00e4tzte Lesezeit":"1\u00a0Minute"},"schema":{"@context":"https:\/\/schema.org","@graph":[{"@type":"WebPage","@id":"https:\/\/sportlife-lohfelden.com\/?page_id=73","url":"https:\/\/sportlife-lohfelden.com\/?page_id=73","name":"Manuelle Therapie - Physiotherapie Lohfelden","isPartOf":{"@id":"https:\/\/sportlife-lohfelden.com\/#website"},"datePublished":"2021-08-16T10:08:48+00:00","dateModified":"2022-01-19T18:07:21+00:00","breadcrumb":{"@id":"https:\/\/sportlife-lohfelden.com\/?page_id=73#breadcrumb"},"inLanguage":"de","potentialAction":[{"@type":"ReadAction","target":["https:\/\/sportlife-lohfelden.com\/?page_id=73"]}]},{"@type":"BreadcrumbList","@id":"https:\/\/sportlife-lohfelden.com\/?page_id=73#breadcrumb","itemListElement":[{"@type":"ListItem","position":1,"name":"Startseite","item":"https:\/\/sportlife-lohfelden.com\/"},{"@type":"ListItem","position":2,"name":"Manuelle Therapie"}]},{"@type":"WebSite","@id":"https:\/\/sportlife-lohfelden.com\/#website","url":"https:\/\/sportlife-lohfelden.com\/","name":"Physiotherapie Lohfelden","description":"","potentialAction":[{"@type":"SearchAction","target":{"@type":"EntryPoint","urlTemplate":"https:\/\/sportlife-lohfelden.com\/?s={search_term_string}"},"query-input":{"@type":"PropertyValueSpecification","valueRequired":true,"valueName":"search_term_string"}}],"inLanguage":"de"}]}},"_links":{"self":[{"href":"https:\/\/sportlife-lohfelden.com\/index.php?rest_route=\/wp\/v2\/pages\/73","targetHints":{"allow":["GET"]}}],"collection":[{"href":"https:\/\/sportlife-lohfelden.com\/index.php?rest_route=\/wp\/v2\/pages"}],"about":[{"href":"https:\/\/sportlife-lohfelden.com\/index.php?rest_route=\/wp\/v2\/types\/page"}],"author":[{"embeddable":true,"href":"https:\/\/sportlife-lohfelden.com\/index.php?rest_route=\/wp\/v2\/users\/1"}],"replies":[{"embeddable":true,"href":"https:\/\/sportlife-lohfelden.com\/index.php?rest_route=%2Fwp%2Fv2%2Fcomments&post=73"}],"version-history":[{"count":4,"href":"https:\/\/sportlife-lohfelden.com\/index.php?rest_route=\/wp\/v2\/pages\/73\/revisions"}],"predecessor-version":[{"id":411,"href":"https:\/\/sportlife-lohfelden.com\/index.php?rest_route=\/wp\/v2\/pages\/73\/revisions\/411"}],"wp:attachment":[{"href":"https:\/\/sportlife-lohfelden.com\/index.php?rest_route=%2Fwp%2Fv2%2Fmedia&parent=73"}],"curies":[{"name":"wp","href":"https:\/\/api.w.org\/{rel}","templated":true}]}}